8
Let r(m) = -2*m**3 - 128*m**2 - 145*m + 268. Determine r(-63).
1465
Let j(o) = 4477*o + 147701. What is j(-33)?
-40
Let f(d) = 179*d**2 + 12317*d - 73953. Determine f(6).
6393
Let y(g) = -4347*g + 78339. What is y(18)?
93
Let h(v) = -351*v + 12661. Determine h(36).
25
Let i(p) = 6602*p + 21472. Determine i(-3).
1666
Let w(h) = 443*h - 22961. Give w(52).
75
Let z(x) = -x**3 + 10*x**2 - 277*x + 1430. Determine z(6).
-88
Let a(z) = 50*z**3 + 1349*z**2 - 28*z - 33. Determine a(-27).
-6
Let v(f) = f**3 + 77*f**2 + 531*f - 111. Give v(-8).
57
Let x(s) = 51*s**3 - 915*s**2 - 12*s + 39. Give x(18).
795
Let g(r) = -2*r**2 + 5498*r - 103727. What is g(19)?
13
Let b(x) = -x**3 + 20*x**2 - 144*x + 332. Determine b(5).
-13
Let y(j) = -44276*j + 265974. Calculate y(6).
318
Let z(k) = -88*k - 4844. Give z(-59).
348
Let g(m) = 2374*m + 935. Determine g(-1).
-1439
Let w(d) = -21826*d - 414608. Give w(-19).
86
Let t(v) = -52*v**2 + 757*v + 265. Give t(15).
-80
Let q(y) = -169*y - 1440. Give q(-1).
-1271
Let a(v) = 121*v**2 - 11509*v + 1337. Give a(95).
7
Let p(r) = -62*r**2 + 3645*r - 7282. What is p(2)?
-240
Let l(r) = -r**3 + 24*r**2 - 42*r - 625. Calculate l(20).
135
Let j(h) = -114*h**2 + 2166*h + 433. Give j(19).
433
Let q(u) = -3*u**3 + 9*u**2 - 10*u - 37. Determine q(-4).
339
Let l(x) = -x**2 + 13533*x - 351175. Calculate l(26).
7
Let l(o) = 125*o + 10120. Give l(-71).
1245
Let f(p) = -2*p**3 - 1097*p**2 - 1556*p + 46498. Calculate f(-547).
3
Let x(h) = -h**3 - 70*h**2 - 313*h - 2618. Give x(-66).
616
Let a(v) = 1775*v**2 - 51486*v + 272. Calculate a(29).
-47
Let o(w) = 167842*w - 335682. What is o(2)?
2
Let q(p) = 38*p**3 + 39*p**2 + 78*p + 5. What is q(-2)?
-299
Let l(p) = -10566*p - 126908. Calculate l(-12).
-116
Let a(h) = -h**3 - 69*h**2 - 132*h - 151. Determine a(-67).
-285
Let p(i) = -7159*i - 28245. Determine p(-3).
-6768
Let f(g) = 3648*g - 2433236. Calculate f(667).
-20
Let u(f) = -4*f**2 + 206*f + 56112. Give u(147).
-42
Let j(v) = 2*v**3 - 287*v**2 - 448*v + 1893. Calculate j(145).
8
Let d(s) = 5*s**2 - 13*s + 1333. Calculate d(27).
4627
Let a(s) = -1231*s + 1110355. Calculate a(902).
-7
Let k(d) = 78*d**2 - 711*d + 9. Determine k(10).
699
Let v(i) = -21*i**2 - 75*i + 256. Give v(15).
-5594
Let d(j) = -2*j**3 + 31*j**2 + 178*j - 29. Give d(20).
-69
Let v(i) = -8585*i - 42909. Give v(-5).
16
Let w(g) = 32555*g + 813869. Calculate w(-25).
-6
Let y(p) = 3*p**2 - 677*p - 13101. Give y(-18).
57
Let u(o) = o**2 - 28*o - 82. Give u(18).
-262
Let t(o) = o**2 + 94*o + 2101. Determine t(-28).
253
Let y(j) = 1261*j + 22682. Give y(-18).
-16
Let h(z) = 16725*z + 50257. Calculate h(-3).
82
Let f(y) = -9466*y + 227145. Give f(24).
-39
Let r(s) = -56*s - 1469. Determine r(-25).
-69
Let u(t) = -59730*t + 358288. Give u(6).
-92
Let h(j) = 2201*j - 38052. Calculate h(17).
-635
Let j(x) = -1282*x - 8606. Calculate j(-4).
-3478
Let n(z) = 5*z**3 + 49*z**2 - 367*z + 2. What is n(6)?
644
Let x(u) = -3*u**3 - 70*u**2 - 353*u - 6579. What is x(-22)?
-749
Let c(w) = w**2 + 990*w + 12993. Determine c(-13).
292
Let j(a) = 293*a**2 + 5565*a + 43. Determine j(-19).
81
Let h(k) = 3*k**3 + 246*k**2 - 2422*k + 3092. Give h(-91).
-93
Let m(p) = p**3 - 205*p**2 - 43546*p - 1342. Calculate m(335).
-2
Let k(t) = t**3 + 67*t**2 - 7248*t - 120. What is k(58)?
-4
Let n(x) = 30325*x - 485200. Calculate n(16).
0
Let q(y) = -3*y**3 - 28*y**2 + 584780*y + 5263107. What is q(-9)?
6
Let s(x) = -2297*x - 11500. What is s(-4)?
-2312
Let w(a) = a**3 + 39*a**2 + 397*a + 358. Calculate w(-19).
35
Let h(m) = 586*m - 3389. Calculate h(6).
127
Let n(k) = -2222*k + 2528643. Give n(1138).
7
Let a(f) = 8*f**3 - 118*f**2 + 481*f - 387. Determine a(8).
5
Let z(o) = -o**3 - 97*o**2 - 1885*o + 1347. Determine z(-28).
31
Let p(q) = -772*q - 7636. Determine p(-6).
-3004
Let t(w) = 27*w - 1526. Give t(27).
-797
Let o(q) = 12*q**3 + 90*q**2 - 15*q - 412. Calculate o(-7).
-13
Let m(t) = -t**2 + 1878*t - 35317. What is m(19)?
4
Let l(s) = -14990*s + 1289065. Give l(86).
-75
Let p(x) = -918*x - 74371. Determine p(-81).
-13
Let s(w) = w**3 - 11*w**2 + 4084*w - 49124. Calculate s(12).
28
Let d(z) = -z**2 - 44*z + 2762. Determine d(35).
-3
Let i(o) = -3020*o**2 - 201*o - 205. Determine i(-1).
-3024
Let r(l) = 2*l**3 - 206*l**2 + 605*l - 400. Calculate r(100).
100
Let t(c) = -308503*c + 2159465. What is t(7)?
-56
Let i(y) = -y**3 + 19*y**2 - 67*y + 49. What is i(15)?
-56
Let y(l) = -293*l - 34098. Determine y(-113).
-989
Let j(a) = a**3 + 137*a**2 + 406*a + 416. What is j(-134)?
-120
Let g(t) = -5*t**3 + 498*t**2 - 5994*t + 26. Calculate g(14).
-2
Let j(s) = -21*s**2 + 2978*s - 14624. Give j(5).
-259
Let a(z) = 3072*z + 36693. Give a(-12).
-171
Let c(f) = -5*f**3 - 18*f**2 - 7*f + 100. Calculate c(-3).
94
Let j(f) = -7*f**2 - 72092*f + 288506. Give j(4).
26
Let v(u) = 31*u + 2740. Calculate v(-67).
663
Let a(y) = -2*y**3 - 18*y**2 - 106*y - 138. Give a(-5).
192
Let g(d) = -1663*d - 93174. What is g(-56)?
-46
Let a(i) = 2545*i - 37373. Calculate a(16).
3347
Let k(v) = 7120*v - 313260. Calculate k(44).
20
Let h(q) = -66001*q + 197995. Give h(3).
-8
Let n(m) = -m**2 + 1975*m + 56109. Calculate n(-28).
25
Let i(h) = 931*h - 40093. Calculate i(43).
-60
Let b(u) = u**3 - 404*u**2 - 1259*u + 15459. What is b(407)?
-7
Let v(d) = 20*d**3 - 2*d**2 - 44*d + 135. Give v(3).
525
Let t(l) = -10*l**3 + 455*l**2 - 915*l. Calculate t(2).
-90
Let t(p) = -98*p + 156. Give t(-14).
1528
Let g(s) = -s**3 - 963*s**2 + 5602*s + 1270. What is g(6)?
-2
Let x(h) = 5*h**2 - 962*h - 8594. What is x(201)?
49
Let l(v) = 765*v**2 - 290*v + 287. Calculate l(1).
762
Let s(h) = -2*h**2 + 952*h - 7474. Determine s(8).
14
Let l(m) = m**2 - 97*m + 718. What is l(5)?
258
Let q(x) = -3*x**2 - 12844*x - 153660. Determine q(-12).
36
Let f(m) = m**3 - 3*m**2 - 1649*m + 3304. Calculate f(2).
2
Let y(l) = l**3 + 36*l**2 - 283*l - 109. What is y(-43)?
-883
Let q(d) = -d**2 + 33*d - 263. Give q(25).
-63
Let o(a) = -20*a**3 + 2*a**2 + 15*a + 16. Determine o(-3).
529
Let s(k) = 67512*k + 742467. Give s(-11).
-165
Let p(u) = -2*u**3 + 16*u**2 - 11867*u + 106957. Give p(9).
-8
Let p(u) = 4*u**2 - 168*u + 585. Determine p(5).
-155
Let h(a) = a**2 + 2623*a - 363193. Calculate h(132).
467
Let a(u) = -134*u**2 - 1166*u + 18. Give a(-10).
-1722
Let y(o) = 337*o - 15356. What is y(35)?
-3561
Let h(t) = 195*t**2 + 3482*t - 595. What is h(-18)?
-91
Let u(m) = 2*m**3 - 22*m**2 - 3*m + 167. Give u(10).
-63
Let p(h) = -h**2 + 285027*h + 2565342. What is p(-9)?
18
Let z(r) = 66*r**2 - 808*r + 15. Give z(11).
-887
Let m(i) = -i**2 - 312*i - 24063. Give m(-173).
-16
Let s(t) = 329*t + 9672. Give s(-30).
-198
Let c(t) = 4617*t - 18173. Calculate c(4).
295
Let t(z) = 2854*z - 108453. What is t(38)?
-1
Let b(f) = -16709*f - 1353433. What is b(-81)?
-4
Let o(b) = 7515*b - 1119738. Calculate o(149).
-3
Let l(y) = 217*y**2 - 11228*y + 35. Calculate l(52).
2947
Let g(q) = -1591*q - 7940. What is g(-5)?
15
Let y(o) = 141*o + 14359. Determine y(-102).
-23
Let z(x) = -27856*x + 138790. Give z(5).
-490
Let j(v) = -78*v**2 - 5185*v - 2439. Calculate j(-66).
3
Let d(z) = z**3 + 43*z**2 + 346*z - 21. What is d(-11)?
45
Let v(x) = -2*x**3 + 20*x**2 - 61*x - 482. Determine v(7).
-615
Let o(n) = -10*n**3 - 876*n**2 - 7482*n + 474. Determine o(-78).
6
Let l(r) = r**2 + 774*r + 57915. What is l(-84)?
-45
Let g(z) = z**3 - 35*z**2 - 30*z + 465. What is g(36)?
681
Let s(t) = -7*t**3 + 105*t**2 + 242*t - 62. What is s(17)?
6
Let t(q) = -q**3 + 32*q**2 + 104*q - 2281. Calculate t(33).
62
Let z(k) = 5*k**2 + 1495*k - 246039. Give z(118).
-9
Let t(p) = 6*p**2 + 111*p - 14686. Determine t(-60).
254
Let v(p) = -26397*p - 554323. Give v(-21).
14
Let n(i) = 3*i**2 - 152*i + 1765. Calculate n(18).
1
Let b(z) = -600*z**2 - 9*z - 1. Calculate b(-1).
-592
Let d(c) = 4*c**2 - 424*c + 785. What is d(109)?
2093
Let t(x) = 2352*x - 9971. Calculate t(6).
4141
Let j(p) = -351*p - 53319. Determine j(-152).
33
Let n(m) = m**3 + 20*m**2 - 395*m - 7293. Calculate n(-16).
51
Let h(y) = -327*y + 4240. Calculate h(14).
-338
Let z(i) = i**3 - 180*i**2 + 485*i + 1798. Calculate z(5).
-152
Let f(j) = 8*j**3 - 138*j**2 - 2184*j - 31. Give f(-10).
9
Let u(i) = -123*i**3 - 13650*i**2 + 338*i + 568. Calculate u(-111).
13